 2
1011010001
-590 (base 11) to base 5
-10304
What is 35136 (base 9) in base 7?
125226
Convert -1237 (base 9) to base 14.
-4a1
What is 693 (base 15) in base 12?
a40
What is -547a (base 14) in base 13?
-6860
Convert 11011010 (base 2) to base 10.
218
What is a96 (base 15) in base 7?
6654
Convert 2716 (base 9) to base 4.
133320
787 (base 9) to base 8
1206
Convert 3045 (base 10) to base 11.
2319
-7140 (base 9) to base 5
-131340
Convert -23a (base 12) to base 2.
-101001110
1a23 (base 12) to base 3
11101100
Convert 1a88 (base 11) to base 9.
3550
What is 1201 (base 6) in base 3?
101201
What is -47845 (base 9) in base 12?
-16658
What is 22155 (base 7) in base 9?
7576
-1100010111110 (base 2) to base 8
-14276
Convert -103 (base 12) to base 5.
-1042
What is -861 (base 14) in base 10?
-1653
What is -3140333 (base 5) in base 13?
-1ac28
12678 (base 9) to base 6
103412
Convert 577 (base 8) to base 2.
101111111
-12001 (base 3) to base 11
-114
-152032 (base 6) to base 8
-34564
Convert 1ba0 (base 12) to base 7.
13002
Convert 3684 (base 11) to base 13.
2261
-5c97 (base 15) to base 4
-10310011
-277 (base 8) to base 6
-515
What is -5087 (base 9) in base 15?
-1184
3b2a (base 16) to base 12
8922
7418 (base 14) to base 10
20014
-ec8 (base 16) to base 12
-2234
Convert 7e (base 16) to base 13.
99
What is -363 (base 7) in base 3?
-21010
-33122 (base 5) to base 10
-2287
-1021020102 (base 3) to base 5
-1244314
376 (base 12) to base 4
20022
1ba (base 12) to base 10
286
Convert -21663 (base 7) to base 8.
-12554
What is 183 (base 11) in base 14?
112
Convert 3cc (base 14) to base 15.
363
20377 (base 8) to base 11
638a
-5503 (base 12) to base 16
-2493
Convert -1112002111 (base 3) to base 6.
-350404
Convert 173a (base 11) to base 9.
3037
What is -42343 (base 7) in base 9?
-15321
What is -5245 (base 9) in base 15?
-1218
What is 33 (base 7) in base 8?
30
What is -1772 (base 14) in base 9?
-5704
What is -666 (base 8) in base 10?
-438
What is d20 (base 14) in base 9?
3472
442 (base 13) to base 3
1000001
What is -10011000100 (base 2) in base 10?
-1220
Convert -41241 (base 6) to base 15.
-1967
What is 35 (base 15) in base 2?
110010
What is 1391 (base 11) in base 4?
130002
-10 (base 11) to base 13
-b
Convert -1131340 (base 5) to base 15.
-629a
What is 178 (base 11) in base 2?
11001110
What is 267 (base 13) in base 15?
1d3
3626 (base 12) to base 10
6078
-4dac (base 16) to base 13
-9087
Convert 1e8 (base 16) to base 6.
2132
Convert 418a (base 11) to base 8.
12647
Convert 100001101 (base 2) to base 9.
328
Convert -1212212001 (base 3) to base 9.
-55761
-2b1c (base 15) to base 12
-5430
What is -111013 (base 6) in base 15?
-2b4c
What is -655 (base 11) in base 4?
-30102
Convert -3d15 (base 16) to base 11.
-10826
Convert 2212 (base 5) to base 3.
102101
What is 165 (base 15) in base 5?
2240
Convert 77 (base 8) to base 12.
53
Convert -301230 (base 4) to base 8.
-6154
-3664 (base 7) to base 16
-559
-199b (base 15) to base 8
-12652
21231332 (base 4) to base 12
1b052
Convert b83 (base 16) to base 13.
1459
What is -4482 (base 10) in base 9?
-6130
896 (base 15) to base 14
9c9
Convert -22032 (base 6) to base 9.
-4152
What is 4a80 (base 13) in base 14?
3bdc
-a713 (base 11) to base 9
-21385
4034441 (base 5) to base 2
1111110111100100
What is a6 (base 12) in base 10?
126
4a1 (base 12) to base 13
418
Convert -37287 (base 9) to base 16.
-61c3
Convert 10d (base 15) to base 8.
356
-4e88 (base 16) to base 4
-10322020
-119a3 (base 12) to base 16
-5d4b
-1c91 (base 16) to base 15
-2278
Convert -16672 (base 12) to base 11.
-220a0
What is 1202232 (base 4) in base 13?
2b50
What is 3542 (base 8) in base 12?
1116
206317 (base 8) to base 13
25426
14b4 (base 12) to base 9
3311
Convert -110510 (base 7) to base 10.
-19460
-35 (base 13) to base 12
-38
-110110 (base 2) to base 14
-3c
Convert 23408 (base 9) to base 6.
200225
Convert 4255a (base 11) to base 15.
13516
-e4c (base 16) to base 5
-104120
What is -463 (base 9) in base 13?
-234
What is 16220 (base 9) in base 6?
123243
What is 3472 (base 11) in base 4?
1013030
Convert 28e (base 15) to base 6.
2412
Convert 11a8 (base 11) to base 8.
3042
What is 30010 (base 4) in base 3?
1001121
Convert -3020 (base 8) to base 15.
-6d7
-101101011011 (base 2) to base 3
-10222200
Convert -8 (base 14) to base 4.
-20
Convert 15b4 (base 12) to base 9.
3481
271aa (base 12) to base 9
81764
Convert -2205 (base 7) to base 12.
-559
What is -3401 (base 6) in base 2?
-1100011001
What is -2102101 (base 3) in base 10?
-1765
5521 (base 11) to base 8
16163
What is -91c7 (base 14) in base 6?
-312015
Convert -25 (base 9) to base 10.
-23
What is 50110 (base 6) in base 8?
14572
What is 1030023 (base 4) in base 10?
4875
What is -4722 (base 9) in base 14?
-13c3
What is -2102021 (base 3) in base 9?
-2367
Convert -1000012000 (base 3) to base 12.
-b576
What is 226 (base 10) in base 6?
1014
-471 (base 12) to base 3
-220111
Convert -1b5 (base 12) to base 13.
-188
-1452104 (base 6) to base 3
-11022012111
What is -25715 (base 9) in base 5?
-1023343
What is 20121011 (base 3) in base 9?
6534
Convert 5a (base 15) to base 5.
320
What is b57 (base 16) in base 5?
43103
What is 210020 (base 4) in base 9?
3148
12132 (base 6) to base 12
1048
Convert -10303031 (base 4) to base 7.
-111215
Convert -44541 (base 6) to base 4.
-1201231
a74 (base 14) to base 5
31222
Convert c9 (base 15) to base 13.
117
What is -10311 (base 4) in base 3?
-102110
-4842 (base 12) to base 7
-32441
What is 1743 (base 8) in base 2?
1111100011
-364 (base 15) to base 11
-63a
Convert 6106 (base 9) to base 16.
116d
What is 10000111 (base 2) in base 4?
2013
What is 1cb32 (base 13) in base 4?
31313321
-382 (base 10) to base 15
-1a7
What is 31203 (base 4) in base 15?
3cc
17624 (base 10) to base 13
8039
What is -22015 (base 8) in base 15?
-2b04
What is -12a3 (base 16) in base 10?
-4771
What is -15544 (base 9) in base 6?
-121151
5061 (base 10) to base 3
20221110
-417 (base 11) to base 16
-1f6
Convert 1181 (base 9) to base 15.
3dd
Convert -15257 (base 10) to base 13.
-6c38
Convert -2201012102 (base 3) to base 14.
-15639
What is 609 (base 11) in base 6?
3223
What is -222022101 (base 3) in base 5?
-1103210
Convert -154455 (base 6) to base 5.
-442144
What is -573 (base 11) in base 5?
-10220
2820 (base 12) to base 7
16335
Convert -5a6 (base 12) to base 14.
-446
What is -247b (base 12) in base 3?
-12122212
What is -134311 (base 7) in base 13?
-b815
Convert 1d8b (base 16) to base 12.
4463
What is 11201012 (base 3) in base 15?
103e
101001 (base 2) to base 9
45
2122132 (base 4) to base 10
9886
1861 (base 11) to base 4
210332
Convert 1236a (base 14) to base 5.
2411321
-1915 (base 10) to base 9
-2557
What is -3390a (base 11) in base 5?
-3032030
a8 (base 14) to base 12
104
2d1 (base 14) to base 9
708
12000 (base 5) to base 6
4015
12624 (base 8) to base 9
7517
What is 5a4 (base 13) in base 11?
810
What is -4060 (base 12) in base 4?
-1231020
What is 323102 (base 5) in base 11?
8315
What is 32 (base 7) in base 9?
25
Convert -990b (base 14) to base 3.
-1100022102
11023 (base 6) to base 12
a73
404455 (base 6) to base 16
7d93
-102321 (base 4) to base 15
-559
Convert -11011101100 (base 2) to base 6.
-12112
What is 324 (base 6) in base 15?
84
-162426 (base 8) to base 14
-17530
What is 389 (base 10) in base 11?
324
-53717 (base 8) to base 3
-1010211120
Convert -42104 (base 5) to base 3.
-10210221
-12894 (base 13) to base 5
-2100203
Convert -1287 (base 10) to base 8.
-2407
What is 29b0 (base 13) in base 3?
22022101
Convert -100100001001010 (base 2) to base 4.
-10201022
What is -111000111 (base 2) in base 11?
-384
21100 (base 4) to base 9
727
14437 (base 9) to base 3
111111021
Convert -11002111 (base 4) to base 5.
-1130004
What is -100101111101111 (base 2) in base 7?
-110450
10001101100111011 (base 2) to base 7
421251
14871 (base 11) to base 14
792b
Convert -1155 (base 9) to base 5.
-11420
Convert 14262 (base 8) to base 3.
22200011
Convert -932 (base 13) to base 11.
-11a0
93 (base 16) to base 2
10010011
22ac (base 16) to base 13
406a
1111110000011101 (base 2) to base 7
356111
What is -120433 (base 6) in base 10?
-10533
-3d2 (base 14) to base 16
-304
What is -35602 (base 8) in base 9?
-22806
What is 8918 (base 10) in base 5?
241133
-2011 (base 9) to base 2
-10110111100
What is -